lculate -21 - (4 - (-31 - -35)).
-21
What is the value of 11 - (137 + -131 - (6 - 3))?
8
Evaluate 255 - 263 - (-1 + -2).
-5
What is 7 + (-58 - -59) + 0 + 1?
9
Evaluate -34 + (-19 - -5) + 24 + -8.
-32
Evaluate -46 + 67 + -20 + -2.
-1
What is -4 - 0 - (6 - (-2 + -7 + 13))?
-6
Evaluate -3 + -5 + (-4 + 8 - 2).
-6
What is the value of (-10 - (50 - 57)) + (0 + 0 - 15)?
-18
Calculate -9 + -3 + 3 + -10.
-19
-18 - (16 + (-9 - -3) + 8)
-36
What is 5 + 2 + (8 - 3) + 2?
14
20 + (-9 - (-3 + 6 + -11))
19
11 - ((-5 - (-2 - 12)) + -10)
12
What is (-3 + 23 - 11) + -12 + 6?
3
What is -9 + 6 + -5 - -13?
5
-3 - (-2 + 13 + (-8 - 11))
5
What is the value of -3431 + 3426 + (0 - 10)?
-15
What is -5 + 5 + (-17 - -6)?
-11
Evaluate 27 + ((20 - 3) + -9 - 19).
16
What is 1 + 3 + -8 - (-21 - -21)?
-4
Evaluate -9 + 11 + -6 + 12 + -3.
5
What is 1 + -9 - (12 + -11)?
-9
What is the value of -3 + 11 + (6 - 37)?
-23
Calculate (8 - 8) + 24 + -16.
8
Calculate (-11 - (16 - 13)) + 4.
-10
Evaluate 13 + 4 + -6 + -6 + 10 - 2.
13
What is the value of -4 - -4 - -4 - (-19 - -14)?
9
Evaluate (-2 + 0 - 3) + 4 + 12 + -4.
7
What is (19 + -11 - (7 - -3)) + -14?
-16
Calculate 7 + (15 - 11 - (0 - -1)).
10
What is the value of -71 + 68 + (-13 - (-2 + 1))?
-15
What is (-9 - 7) + 16 - 9?
-9
Calculate -1 + 11 - (4 + -25 + -10 + 16).
25
What is the value of -18 + 13 + -2 + 17?
10
What is the value of (-3 - -3 - 11 - (23 - 53)) + 3?
22
Evaluate -19 + 26 - ((5 - 8) + 20).
-10
What is the value of -6 - (-23 - (-1 + -10))?
6
What is -44 + 4 + 71 - 59?
-28
Calculate -15 + (-7 - (5 + -29)) - 25.
-23
What is 14 + -40 + 19 + -12?
-19
What is the value of -4 - (1 - 0) - ((-9 - 7) + 5)?
6
Calculate 16 - 26 - -15 - -8.
13
What is the value of 15 + -6 - ((-1 - -1) + 5)?
4
Calculate 8 + 1 + (-99 - -106).
16
24 + (-6 + -3 - (-3 + 3))
15
Evaluate (19 - 0 - 19) + 22.
22
What is (17 - 12 - 5) + (-11 - -3)?
-8
(-27 - -18) + (6 + -13 + 2 - 14)
-28
What is the value of 5 + -7 + (1 - 0 - (-16 + 12))?
3
What is 3 - (64 + -75 - (-2 + 4 + 4))?
20
Evaluate -4 - (-22 - (-23 - -7)).
2
Evaluate 0 - 2 - -2 - (658 + -652).
-6
What is (2 - 7) + 4 + 4 + 0?
3
What is 15 + (12 + -13 - 5 - -17)?
26
-3 + (6 - 9) + 2 - (-5 + -2)
3
What is (13 - 6) + -1 + -3 + 1?
4
What is the value of (29 - 19 - 7) + -8?
-5
What is the value of -5 + 0 + (17 - (-5 + 20 - -2))?
-5
Evaluate -5 + 0 + -6 + 6 + 4.
-1
Evaluate (-14 - -12 - 19) + 31.
10
What is the value of -23 + -3 - (-22 + -25)?
21
13 - (2 - 14 - (119 - 121))
23
What is 2 + (-11 - -12) + (-12 - 3)?
-12
Calculate -2 + -2 - (-12 + (-7 - -15)).
0
-9 + -1 - (-7 + 3 + -18) - -24
36
What is -3 + (9 - (12 + -6) - (-29 - -29))?
0
17 + -13 + 26 - 4 - 13
13
Calculate (-6 - -14) + (-8 + 4 - -5).
9
What is the value of 1 - 2 - 11 - (-264 + 283)?
-31
What is the value of 23 - (8 + -3 - 2 - (-67 - -75))?
28
Calculate (-5 - (-3 - 1 - 6)) + (0 - 6).
-1
10 - (-4 - -9) - (12 + -5 + 2)
-4
What is 8 + (-20 - -11) - -5 - -11?
15
What is 11 - -4 - -28 - 42?
1
What is (-1 - 4) + (-9 - (-4 + 10 - 24))?
4
-13 + 35 - 39 - 4
-21
What is 9 + 7 + (1 - (9 + (-11 - 0)))?
19
Evaluate (0 - -4) + 10 + -2 - 32.
-20
Calculate 6 - (-26 + 42 - (1 - 3) - 4).
-8
What is -11 - -13 - (-5 + 6 - -6) - -17?
12
Evaluate 1 + (-14 - (-17 + 26)).
-22
What is the value of (-32 - -12) + 5 + 9?
-6
Evaluate (0 - -1) + (15 - 9) + (11 - 26).
-8
What is ((-6 - 7) + 27 - -18) + 3?
35
(-14 - 9) + 18 + (-6 - -2)
-9
What is the value of -2 + 21 - (-216 + 242)?
-7
Calculate (22 + -6 + -27 - (-7 + 0)) + 12.
8
Evaluate (-7 - (-6 + 9)) + (15 - -2).
7
Calculate -7 + (5 - 4) - (-14 - (-7 + 4)).
5
(-25 - -23) + 4 + 3 + -1
4
What is -41 + 49 + (23 - 30)?
1
Calculate (4 + -6 - 3) + 19 + (-10 - -3).
7
Calculate (2 + -1 - (-6 - -7)) + -2 + -5.
-7
What is (-1 - 2) + -13 - (4 - (7 - 5))?
-18
Evaluate -5 + (-17 + 7 - (3 - 13)).
-5
What is (-1 - 4) + (30 + -48 - -30)?
7
What is 5 - (-6 + -2 + (6 + 2 - 12))?
17
What is (-3 + 9 - (14 + -2)) + -1 + 16?
9
Calculate 18 + -8 + (1 - 0 - 1).
10
What is -30 + 25 + 1 + 9?
5
What is the value of 3 + 17 + (38 + -46 - (-7 + 0))?
19
Calculate -14 - ((12 + -4 - -1) + -8).
-15
Evaluate -14 + 29 + (-19 - -14).
10
Calculate 6 + 0 + -15 + (51 - 17 - 15).
10
What is the value of 0 + 23 - ((-23 - -2) + 22)?
22
Calculate -34 - (-37 - -14) - (-5 - (0 + -2)).
-8
Evaluate 10 + -27 + 26 - -8.
17
Calculate -4 + (-30 - -36) + (-31 - (2 + -6)).
-25
-26 + 37 - (21 - 3 - -3)
-10
Calculate (-5 - (7 - (18 - 10))) + 4.
0
2 - (-6 - (-9 - (4 - (-2 + 1))))
-6
Evaluate (11 - 2) + (2 - (20 - 10)).
1
-5 - 5 - (-30 - -23) - 1
-4
What is the value of 13 + -5 - (14 + -2)?
-4
What is the value of 9 + (9 - (6 + (-5 - -10)) - 12)?
-5
-2 + -23 + 0 - (-4 - (10 + -9))
-20
What is (5 + (6 - 2) - (-24 - -62)) + -4?
-33
Evaluate 4 + 1 + -3 + 0 + 2.
4
What is 6 + -5 + -3 + -8 + 5?
-5
Calculate 20 + -12 + (-9 - -10).
9
-9 - (-23 - (-19 - -21))
16
What is the value of 4 + 0 - (2 + -3)?
5
-4 + 6 - (16 + -5 + -8)
-1
Evaluate -14 - -17 - (7 - (-5 - -10)).
1
What is 4 + 2 - (-5 + 18 - 5)?
-2
3 - 1 - (-9 - -4 - (12 - 16))
3
Calculate (1 - 2) + (158 - 155).
2
What is 18 + 8 + (23 - 42)?
7
What is 11 + -16 - (-6 + 2 + 0 + 3)?
-4
What is 60 - (-15 + 33) - 21?
21
What is (-18 - -1) + -5 + 20?
-2
(1 - 1) + (-27 - (30 - 41))
-16
3 - (-6 - (20 - 35))
-6
Evaluate -24 + 16 - (4 + -4 - -8).
-16
Evaluate -16 + 22 + -12 + -4.
-10
What is the value of (2 - (6 + -6) - -2) + 5 + -4?
5
What is -4 + -1 - (6 - 14) - -6?
9
What is the value of -1 + 7 + (2 - -17 - (-204 - -228))?
1
What is the value of (-1 - (-4 - 7)) + -17?
-7
Calculate (-4 - -10) + (53 - 58) + -31 + -3.
-33
Calculate 2 - (-6 - (-20 + 18 + 5)).
11
What is the value of -64 - (-4 + -9 + -19)?
-32
What is the value of 33 + -20 - (-2 + 16)?
-1
What is the value of 17 - (3 + -1 + 4 - -1)?
10
Calculate -18 - (4 + -26 + 8).
-4
-8 + 2 + 23 - -7
24
What is -10 - (0 + -14) - 3 - (5 - 1)?
-3
Evaluate (-10 - -31) + -12 + 2.
11
15 - (-10 - (13 + -58))
-20
Evaluate (12 - (-18 + -3)) + -27.
6
Evaluate -27 + 33 + -59 + 18.
-35
25 - (13 - -2) - 7
3
-95 + 106 - (1 - -11)
-1
4 - (7 - (17 + -7 + -10))
-3
Calculate -8 + (-1 + -2 + 2 - 1).
-10
Evaluate -30 + (-13 - -3) - -29.
-11
What is 2 + (7 - ((20 - 7) + 1))?
-5
Evaluate 2 - (-4 - 2 - -2 - (11 + -22)).
-5
What is 51 + 7 + -32 - -1?
27
-7 - (1 + (4 - 11) + 4 + -3)
-2
Calculate -626 + 650 + -54 + 3.
-27
Calculate -3 - -1 - -10 - (11 + -10 + -5).
12
(85 - 123) + (40 - 0)
2
Evaluate 17 + -10 + -7 + 5.
5
Evaluate 4 + -5 - 2 - (-19 + (2 - -25)).
-11
-1 - (-1 - ((1 - 14) + -10 + 11))
-12
(-11 - (-4 + (-8 - -5) + 2)) + -1
-7
What is 16 + -10 + -15 - 11?
-20
What is (277 - 260) + (6 - 2) - -16?
37
-7 - (-8 + -7 - 1)
9
What is the value of 13 - ((-44 - -30) + (2 - 0) + 7)?
18
Calculate (24 - 38) + -8 + (-1 - -4).
-19
What is the value of (0 - (-29 - (-10 + -2))) + -44?
-27
What is the value of (-1 - 15) + -6 + -10 + 23?
-9
Calculate -3 - (16 + -16 + (18 - 6)).
-15
What is -27 + 20 - (-5 - 20)?
18
Calculate -28 + -1 + 46 + (21 - 52).
-14
What is -17 + (37 - (-8 - -12))?
16
What is 40 + -15 + 14 + -13 + -12?
14
-12 - (-1 + 2 + (-70 - -57))
0
70 + -97 - (8 + -17)
-18
Evaluate 12 + (-11 - -10) - 11.
0
What is the value of (40 - -12 - 25) + -14?
13
Calculate 16 + -17 - -21 - 14.
6
What is (1 - -15) + 14 + (6 - 19)?
17
Evaluate (-35 - (25 + -90)) + -26.
4
Calculate -19 + -1 + 2 + (-395 - -395) + 0.
-18
Evaluate (-37 + (30 - -2) - (-14 + -1)) + -14.
-4
(0 - (6 + -1)) + (-245 - -249)
-1
What is the value of 4 - 12 - (25 + -27)?
-6
What is (-10 + 3 - 9) + -1 + -1?
-18
7 + -9 - (-4 + -5)
7
Evaluate 18 + 14 + (-8 - (7 - 13)) + 2.
32
Calculate -3 + -3 - (4 + (-1 - 2) - 12).
5
What is the value of -25 + -4 + 22 + 6?
-1
What is (9 - -1) + -22 + 9 + (0 - -10)?
7
What is the value of 9 + (21 - 11 - 20) - 25?
-26
What is 12 + -9 + (4 + -1 - -2)?
8
What is -6 - -15 - (12 - (-20 + 12))?
-11
Calculate (-1 - -2 - (185 + -179)) + 2 + 0.
-3
What is 4 - (17 + -1 + -49 + 44) - -7?
0
Evaluate 19 + (-50 - -27) - -18.
14
Calculate 13 - 0 - ((-26 - -12) + 17).
10
Evaluate 7 + (1 - (4 - -4) - 5).
-5
Calculate -9 + 1 + (4 - 8) + 28 + -8.
8
Evaluate 22 + (6 - 6) + (7 - 2).
27
What is (-2 - -15) + 9 + -3 - (7 - -2)?
10
What is the value of 6 - (11 + -14 + 15 - 1)?
-5
What is the value of (2 - 0) + (-1 - 4 - -9) - 4?
2
Calculate (56